-2*g = -1 - h. What is the remainder when 23 is divided by g?
5
Let t(h) = 23*h**2 - 6*h - 3. Let s(r) = 22*r**2 - 4*r - 3. Let v(g) = 6*s(g) - 5*t(g). What is the remainder when 37 is divided by v(1)?
17
Let f be ((-9)/(-6))/((-6)/(-16)). Suppose f*c = -c + 295. Let o = c - -19. What is the remainder when o is divided by 27?
24
Let j = 57 + -61. What is the remainder when ((-2)/3)/((-1)/75) is divided by 2/2 + (-3 - j) - -11?
11
Suppose 0 = -10*l + 219 + 251. Calculate the remainder when l is divided by 30.
17
Let b = 3204 + -3138. Calculate the remainder when 285 is divided by b.
21
Let k(r) = r**3 - 7*r**2 - r - 12. Let j be k(8). Suppose m + 17 - j = 0. What is the remainder when m is divided by 7?
6
Let p(c) = -c**2 - 5*c + 2. Let r be p(-5). Let l(q) = q**2 - 10*q + 8. Let j be l(10). Suppose r*g = -0*g + j. Calculate the remainder when 5 is divided by g.
1
Let y be -2 - (37*-3 - -4). Suppose -6*h + h = -y. Suppose -h = -5*f - 2*n + 31, -f = -4*n - 6. Calculate the remainder when 18 is divided by f.
8
Let i = 165 - -10. What is the remainder when i is divided by 44?
43
Let h = 977 - 895. Calculate the remainder when 241 is divided by h.
77
Suppose 0 = -5*i - j + 456, -32*i - 4*j + 260 = -29*i. What is the remainder when i is divided by 40?
12
Let l be 1 + -1 + 3 + (-5)/(-1). Suppose -4*n = l*n - 336. What is the remainder when 99 is divided by n?
15
Let q(l) be the third derivative of l**4/24 + 10*l**3/3 - 5*l**2. What is the remainder when 35 is divided by q(-8)?
11
Let o be (212/5)/((-2)/(-10)). Suppose -o = -d - 3*d. Calculate the remainder when d is divided by ((-4)/(-5))/(768/(-70) - -11).
25
Suppose -5*l + 3*r = -50, -2*r = l + 3*r + 18. Let z = -18 - -23. Calculate the remainder when 3 - z/(5/(-21)) is divided by l.
3
Let i(w) = w**3 - w**2 - 6*w - 13. Let n be i(4). Suppose 169 = 2*f + n*f. Calculate the remainder when f is divided by 7.
6
Suppose -2*f + 0*l = l - 61, 3*f - 3*l - 105 = 0. Calculate the remainder when f is divided by 6.
2
Let g be (0 - 7 - -2)*-9. Suppose 0 = 2*m - g - 117. Suppose r = 2*r + 5*j - 90, 4*j = r - m. Calculate the remainder when r is divided by 22.
19
Suppose 4*r + 15 = 3, -r = -4*h + 83. What is the remainder when 309 is divided by h?
9
Let h = 0 - 0. Let m be 0 + -3 + h + -7. Let y = m + 20. What is the remainder when 38 is divided by y?
8
Let y(c) = -c + 1. Let j(t) = 47. Let i(v) = j(v) - 6*y(v). Let w = -16 - -24. What is the remainder when w is divided by i(-6)?
3
Suppose -q + 5 = 0, -5*z + 5*q - 339 + 4 = 0. Let h = 76 + z. Suppose 4*w - 152 = -0*w. What is the remainder when w is divided by h?
10
Let f = -12 + 9. What is the remainder when 80 is divided by 5/(-15) - 82/f?
26
Let o(h) = 61*h - 17. What is the remainder when o(1) is divided by 31?
13
Let c(m) = -12*m - 7. Let o = -78 + 73. What is the remainder when c(o) is divided by 18?
17
Let z(i) = 13*i**2 + 2 - 2 - 12*i**2 - 61*i**3. What is the remainder when z(-1) is divided by 33?
29
Suppose -2*q = 5*d - 80, -q + 64 = 3*d + 22. What is the remainder when q is divided by (38/9 - 4) + (-97)/(-9)?
8
Let c be -16*((-4)/(-8) + -4). Suppose 2*p + 0*g - 2*g - c = 0, 135 = 5*p - 4*g. Let m = p + 29. Calculate the remainder when m is divided by 18.
16
Let c be (-96)/(-44) - 14/77 - 124. Let w be 1503/(-7) - (-2)/(-7). Let z = c - w. What is the remainder when z is divided by 32?
29
Suppose -5*l - v = -135, 7*l = 3*l - 3*v + 97. Suppose -2 + 3 = -a, 0 = -4*z + 2*a + 26. What is the remainder when l is divided by z?
4
Let h be 2 + (21 - (-4 + 2)). Suppose 2*a = 5*a + 5*r - 95, -5*r = a - h. Suppose 20*k - 114 = 14*k. Calculate the remainder when a is divided by k.
16
Let q = -143 + 224. Suppose -8*k = -15 - q. Calculate the remainder when 23 is divided by k.
11
Let m = -705 + 714. Calculate the remainder when 48 is divided by m.
3
Let y = -20 + 71. Let x = 4 - -14. What is the remainder when y is divided by x?
15
Let i = 79 - 19. Suppose 4*v = -v + i. Suppose 2 - v = -2*w. Calculate the remainder when 18 is divided by w.
3
What is the remainder when 119 is divided by 25*11/(-55) - (-44 - 1)?
39
Calculate the remainder when (-1582875)/(-975) - (-12)/(-26) is divided by 13.
11
Suppose o - 3*x = 112, -3*o - 4*x + 551 = 189. What is the remainder when o is divided by 20?
18
Suppose -3*q + 45 + 18 = 0. Suppose s - 4*b = 2*s + 12, 0 = -s - 5*b - 15. Calculate the remainder when 122*(-2 - s - (-15)/6) is divided by q.
19
Suppose 3*a + 0 = 27. Calculate the remainder when 71 is divided by a.
8
Let l(n) = n + 5. Let i = 5 - 50. What is the remainder when (i/36)/((-2)/56) is divided by l(7)?
11
Let b = 344 + -233. Suppose -b - 385 = -4*x. What is the remainder when x is divided by 25?
24
Let f be (-2)/(-2 + 6/4). Suppose 30 = -f*x + 86. Let h(v) = 7*v**2 - 3*v + 2. Calculate the remainder when h(2) is divided by x.
10
Let f(o) = 18*o + 290. What is the remainder when f(-14) is divided by 10?
8
Let h(g) = g**2 + 2*g + 4. Let s be h(0). Suppose -139 = -s*q - 19. What is the remainder when 58 is divided by q?
28
Suppose -43 = -5*z + 202. Suppose -b + 63 - z = 0. Suppose 2*y - 78 = -o + 2*o, 0 = -5*y - 4*o + 208. What is the remainder when y is divided by b?
12
Let x = 19 - 4. What is the remainder when 37*(x/(-5) - -4) is divided by 13?
11
Let w(f) = -5*f + 1. Suppose m + 138 = 4*o + 193, -4*m + 148 = 2*o. Calculate the remainder when m is divided by w(-2).
6
What is the remainder when 211 is divided by (-3032)/(-28) + 2/(-7)?
103
Let r(t) = t**3 + 11*t**2 - 31*t - 11. What is the remainder when 160 is divided by r(-13)?
52
Let d = 23 - 5. Let n = -15 + d. What is the remainder when 5 is divided by n?
2
Suppose -4*z - 4*t - 39 + 11 = 0, -3*t = 5*z + 27. Let r(s) = -3*s**3 - 3*s**2 + 4*s + 2. Calculate the remainder when r(z) is divided by 15.
14
Let u = 16 + -1. Suppose -3*q + q + 5*a + 4 = 0, -q - 4*a = -u. Calculate the remainder when q is divided by 5.
2
Let p be 18/(-3)*(-35)/(-21). Let o be ((-616)/16)/(1/p). Suppose -5*x + o = -50. Calculate the remainder when x is divided by 22.
21
Suppose -3*p + 2*t = 11, 3*p + 10 + 13 = -4*t. Calculate the remainder when (14 - 1)*2 - -1 is divided by (-15)/(13/(-2) - p).
7
Let p(l) = 2*l - 3. Let u = 32 - 6. Calculate the remainder when u is divided by p(6).
8
Suppose -57*k - 13 = -58*k. Calculate the remainder when 256 is divided by k.
9
Suppose 2*p - 4 = 0, -p + 8 = 4*l - 38. Suppose l*z + 46 = 13*z. What is the remainder when z is divided by 14?
9
Suppose 6 + 49 = 5*d - 5*k, -2 = 3*d + 4*k. Suppose d*j = 5*j + 76. Suppose j = 5*i - 134. What is the remainder when i is divided by 9?
6
Let j(f) = 16*f - 41. Let z(h) = -3*h + 8. Let p(v) = -2*j(v) - 11*z(v). Let t be p(6). Let w = t + 1. Calculate the remainder when 1 is divided by w.
0
Let m(h) = 73*h + 8. Calculate the remainder when m(1) is divided by 30.
21
Calculate the remainder when 22 is divided by (-2)/(-9)*-3*(-252)/42.
2
Let h be 55/33 + 26/6. Suppose o - 20 = -0*o. Suppose o + 4 = h*p. What is the remainder when p is divided by 3?
1
Suppose -19*i + 107*i - 7832 = 0. Calculate the remainder when i is divided by 40.
9
Suppose 2*t = -l + 24, 4*t + 21 + 15 = l. Let i = 48 + 2. Suppose -8*j = -3*j - i. Calculate the remainder when l is divided by j.
8
Let z(f) = -f**3 + 9*f**2 - 4*f - 5. Suppose g = -2*i + 39, 48 = 2*i - 4*g - 6. Calculate the remainder when z(6) is divided by i.
16
Let y(x) = -16*x - 21. What is the remainder when y(-4) is divided by 17?
9
Let k = 287 - 266. Calculate the remainder when k is divided by 8.
5
Suppose 2*l - 4*l = -80. Calculate the remainder when (756/35 + (-4)/(-2))*5 is divided by l.
38
Suppose 0 = -0*z + 2*z - 132. Suppose -7*r = -9*r + 68. What is the remainder when z is divided by r?
32
Let y(d) be the first derivative of 5*d**2/2 + d - 2. Let b = -1539 + 1544. Calculate the remainder when y(2) is divided by b.
1
Suppose t - 256 = -3*t. What is the remainder when t is divided by (-34 - -33) + (-2 - -1)*-23?
20
Suppose 3*v = -10*y + 12*y + 362, 5*y = -5*v + 620. Calculate the remainder when v is divided by 32.
26
Let m = 414 + -409. What is the remainder when 59 is divided by m?
4
Let h(b) = 8*b**3. Let p be 0/(-3) - -4 - 3. What is the remainder when h(p) is divided by 3?
2
Let g(v) = v. Let p(w) = 17. Let x(j) = 5*g(j)